[INFO] cloning repository https://github.com/Callum-A/ics721
[INFO] running `Command { std: "git" "-c" "credential.helper=" "-c" "credential.helper=/workspace/cargo-home/bin/git-credential-null" "clone" "--bare" "https://github.com/Callum-A/ics721" "/workspace/cache/git-repos/https%3A%2F%2Fgithub.com%2FCallum-A%2Fics721", kill_on_drop: false }`
[INFO] [stderr] Cloning into bare repository '/workspace/cache/git-repos/https%3A%2F%2Fgithub.com%2FCallum-A%2Fics721'...
[INFO] running `Command { std: "git" "rev-parse" "HEAD", kill_on_drop: false }`
[INFO] [stdout] a5cc3f8b5fe2785e02edf22e4852a5ecf9cbc939
[INFO] checking Callum-A/ics721 against master#e6e4f7ed1589e03bc2f6c5931c1a72e7947e8682 for beta-170-4
[INFO] running `Command { std: "git" "clone" "/workspace/cache/git-repos/https%3A%2F%2Fgithub.com%2FCallum-A%2Fics721" "/workspace/builds/worker-1-tc2/source", kill_on_drop: false }`
[INFO] [stderr] Cloning into '/workspace/builds/worker-1-tc2/source'...
[INFO] [stderr] done.
[INFO] validating manifest of git repo https://github.com/Callum-A/ics721 on toolchain e6e4f7ed1589e03bc2f6c5931c1a72e7947e8682
[INFO] running `Command { std: CARGO_HOME="/workspace/cargo-home" RUSTUP_HOME="/workspace/rustup-home" "/workspace/cargo-home/bin/cargo" "+e6e4f7ed1589e03bc2f6c5931c1a72e7947e8682" "metadata" "--manifest-path" "Cargo.toml" "--no-deps", kill_on_drop: false }`
[INFO] removed /workspace/builds/worker-1-tc2/source/.cargo/config
[INFO] started tweaking git repo https://github.com/Callum-A/ics721
[INFO] finished tweaking git repo https://github.com/Callum-A/ics721
[INFO] tweaked toml for git repo https://github.com/Callum-A/ics721 written to /workspace/builds/worker-1-tc2/source/Cargo.toml
[INFO] crate git repo https://github.com/Callum-A/ics721 already has a lockfile, it will not be regenerated
[INFO] running `Command { std: CARGO_HOME="/workspace/cargo-home" RUSTUP_HOME="/workspace/rustup-home" "/workspace/cargo-home/bin/cargo" "+e6e4f7ed1589e03bc2f6c5931c1a72e7947e8682" "fetch" "--manifest-path" "Cargo.toml", kill_on_drop: false }`
[INFO] running `Command { std: "docker" "create" "-v" "/var/lib/crater-agent-workspace/builds/worker-1-tc2/target:/opt/rustwide/target:rw,Z" "-v" "/var/lib/crater-agent-workspace/builds/worker-1-tc2/source:/opt/rustwide/workdir:ro,Z" "-v" "/var/lib/crater-agent-workspace/cargo-home:/opt/rustwide/cargo-home:ro,Z" "-v" "/var/lib/crater-agent-workspace/rustup-home:/opt/rustwide/rustup-home:ro,Z" "-e" "SOURCE_DIR=/opt/rustwide/workdir" "-e" "CARGO_TARGET_DIR=/opt/rustwide/target" "-e" "CARGO_HOME=/opt/rustwide/cargo-home" "-e" "RUSTUP_HOME=/opt/rustwide/rustup-home" "-w" "/opt/rustwide/workdir" "-m" "1610612736" "--user" "0:0" "--network" "none" "ghcr.io/rust-lang/crates-build-env/linux@sha256:19e73879b68f455e41552ea35293514db52ea292d993f571636dbffedb77a1ee" "/opt/rustwide/cargo-home/bin/cargo" "+e6e4f7ed1589e03bc2f6c5931c1a72e7947e8682" "metadata" "--no-deps" "--format-version=1", kill_on_drop: false }`
[INFO] [stdout] 5643a899b954e8d93c7ea4d21080581d42cfb9f04f7e267b85a570fa8c9e9da8
[INFO] running `Command { std: "docker" "start" "-a" "5643a899b954e8d93c7ea4d21080581d42cfb9f04f7e267b85a570fa8c9e9da8", kill_on_drop: false }`
[INFO] running `Command { std: "docker" "inspect" "5643a899b954e8d93c7ea4d21080581d42cfb9f04f7e267b85a570fa8c9e9da8", kill_on_drop: false }`
[INFO] running `Command { std: "docker" "rm" "-f" "5643a899b954e8d93c7ea4d21080581d42cfb9f04f7e267b85a570fa8c9e9da8", kill_on_drop: false }`
[INFO] [stdout] 5643a899b954e8d93c7ea4d21080581d42cfb9f04f7e267b85a570fa8c9e9da8
[INFO] running `Command { std: "docker" "create" "-v" "/var/lib/crater-agent-workspace/builds/worker-1-tc2/target:/opt/rustwide/target:rw,Z" "-v" "/var/lib/crater-agent-workspace/builds/worker-1-tc2/source:/opt/rustwide/workdir:ro,Z" "-v" "/var/lib/crater-agent-workspace/cargo-home:/opt/rustwide/cargo-home:ro,Z" "-v" "/var/lib/crater-agent-workspace/rustup-home:/opt/rustwide/rustup-home:ro,Z" "-e" "SOURCE_DIR=/opt/rustwide/workdir" "-e" "CARGO_TARGET_DIR=/opt/rustwide/target" "-e" "CARGO_INCREMENTAL=0" "-e" "RUST_BACKTRACE=full" "-e" "RUSTFLAGS=--cap-lints=forbid" "-e" "RUSTDOCFLAGS=--cap-lints=forbid" "-e" "CARGO_HOME=/opt/rustwide/cargo-home" "-e" "RUSTUP_HOME=/opt/rustwide/rustup-home" "-w" "/opt/rustwide/workdir" "-m" "1610612736" "--user" "0:0" "--network" "none" "ghcr.io/rust-lang/crates-build-env/linux@sha256:19e73879b68f455e41552ea35293514db52ea292d993f571636dbffedb77a1ee" "/opt/rustwide/cargo-home/bin/cargo" "+e6e4f7ed1589e03bc2f6c5931c1a72e7947e8682" "check" "--frozen" "--all" "--all-targets" "--message-format=json", kill_on_drop: false }`
[INFO] [stdout] e49ac24a30f24ed298685244e60a7cd0d4a4cfd7e6de774d669b7d1ccf19d225
[INFO] running `Command { std: "docker" "start" "-a" "e49ac24a30f24ed298685244e60a7cd0d4a4cfd7e6de774d669b7d1ccf19d225", kill_on_drop: false }`
[INFO] [stderr]    Compiling proc-macro2 v1.0.40
[INFO] [stderr]    Compiling unicode-ident v1.0.2
[INFO] [stderr]    Compiling quote v1.0.20
[INFO] [stderr]    Compiling syn v1.0.98
[INFO] [stderr]    Compiling libc v0.2.126
[INFO] [stderr]     Checking subtle v2.4.1
[INFO] [stderr]     Checking zeroize v1.3.0
[INFO] [stderr]    Compiling serde_derive v1.0.139
[INFO] [stderr]     Checking const-oid v0.7.1
[INFO] [stderr]    Compiling serde v1.0.139
[INFO] [stderr]     Checking base64ct v1.5.1
[INFO] [stderr]    Compiling getrandom v0.1.16
[INFO] [stderr]    Compiling serde_json v1.0.82
[INFO] [stderr]    Compiling generic-array v0.14.5
[INFO] [stderr]     Checking base16ct v0.1.1
[INFO] [stderr]     Checking byteorder v1.4.3
[INFO] [stderr]     Checking hex v0.4.3
[INFO] [stderr]     Checking itoa v1.0.2
[INFO] [stderr]     Checking der v0.5.1
[INFO] [stderr]     Checking ryu v1.0.10
[INFO] [stderr]    Compiling crunchy v0.2.2
[INFO] [stderr]    Compiling schemars v0.8.10
[INFO] [stderr]     Checking dyn-clone v1.0.8
[INFO] [stderr]     Checking static_assertions v1.1.0
[INFO] [stderr]     Checking forward_ref v1.0.0
[INFO] [stderr]    Compiling either v1.7.0
[INFO] [stderr]     Checking bytes v1.2.0
[INFO] [stderr]    Compiling itertools v0.10.3
[INFO] [stderr]     Checking uint v0.9.3
[INFO] [stderr]     Checking digest v0.9.0
[INFO] [stderr]     Checking crypto-mac v0.11.1
[INFO] [stderr]     Checking block-buffer v0.9.0
[INFO] [stderr]     Checking hmac v0.11.0
[INFO] [stderr]     Checking sha2 v0.9.9
[INFO] [stderr]     Checking spki v0.5.4
[INFO] [stderr]     Checking pkcs8 v0.8.0
[INFO] [stderr]     Checking getrandom v0.2.7
[INFO] [stderr]     Checking sec1 v0.2.1
[INFO] [stderr]     Checking rand_core v0.6.3
[INFO] [stderr]     Checking rand_core v0.5.1
[INFO] [stderr]     Checking curve25519-dalek v3.2.1
[INFO] [stderr]     Checking crypto-bigint v0.3.2
[INFO] [stderr]     Checking ff v0.11.1
[INFO] [stderr]     Checking signature v1.4.0
[INFO] [stderr]     Checking group v0.11.0
[INFO] [stderr]     Checking rfc6979 v0.1.0
[INFO] [stderr]     Checking elliptic-curve v0.11.12
[INFO] [stderr]     Checking ecdsa v0.13.4
[INFO] [stderr]     Checking k256 v0.10.4
[INFO] [stderr]    Compiling serde_derive_internals v0.26.0
[INFO] [stderr]    Compiling thiserror-impl v1.0.31
[INFO] [stderr]    Compiling schemars_derive v0.8.10
[INFO] [stderr]    Compiling cosmwasm-derive v1.0.0
[INFO] [stderr]    Compiling prost-derive v0.9.0
[INFO] [stderr]    Compiling derivative v2.2.0
[INFO] [stderr]     Checking thiserror v1.0.31
[INFO] [stderr]     Checking prost v0.9.0
[INFO] [stderr]     Checking ed25519-zebra v3.0.0
[INFO] [stderr]     Checking serde-json-wasm v0.4.1
[INFO] [stderr]     Checking cosmwasm-crypto v1.0.0
[INFO] [stderr]     Checking cosmwasm-std v1.0.0
[INFO] [stderr]     Checking cosmwasm-schema v1.0.0
[INFO] [stderr]     Checking cw-storage-plus v0.13.4
[INFO] [stderr]     Checking cw-utils v0.13.4
[INFO] [stderr]     Checking cosmwasm-storage v1.0.0
[INFO] [stderr]     Checking cw721 v0.13.2
[INFO] [stderr]     Checking cw2 v0.13.4
[INFO] [stderr]     Checking cw-multi-test v0.13.4
[INFO] [stderr]     Checking cw721-base v0.13.2
[INFO] [stderr]     Checking ics-escrow v0.1.0 (/opt/rustwide/workdir/contracts/ics-escrow)
[INFO] [stderr]     Checking cw-ics721-bridge v0.1.0 (/opt/rustwide/workdir/contracts/cw-ics721-bridge)
[INFO] [stderr]     Checking cw721-ics v0.1.0 (/opt/rustwide/workdir/contracts/cw721-ics)
[INFO] [stdout] error[E0433]: failed to resolve: could not find `entry` in `cw721_base`
[INFO] [stdout]   --> contracts/ics-escrow/src/integration_tests.rs:27:21
[INFO] [stdout]    |
[INFO] [stdout] 27 |         cw721_base::entry::execute,
[INFO] [stdout]    |                     ^^^^^ could not find `entry` in `cw721_base`
[INFO] [stdout] 
[INFO] [stdout] 
[INFO] [stdout] error[E0433]: failed to resolve: could not find `entry` in `cw721_base`
[INFO] [stdout]   --> contracts/ics-escrow/src/integration_tests.rs:28:21
[INFO] [stdout]    |
[INFO] [stdout] 28 |         cw721_base::entry::instantiate,
[INFO] [stdout]    |                     ^^^^^ could not find `entry` in `cw721_base`
[INFO] [stdout] 
[INFO] [stdout] 
[INFO] [stdout] error[E0433]: failed to resolve: could not find `entry` in `cw721_base`
[INFO] [stdout]   --> contracts/ics-escrow/src/integration_tests.rs:29:21
[INFO] [stdout]    |
[INFO] [stdout] 29 |         cw721_base::entry::query,
[INFO] [stdout]    |                     ^^^^^ could not find `entry` in `cw721_base`
[INFO] [stdout] 
[INFO] [stdout] 
[INFO] [stdout] error: aborting due to 3 previous errors
[INFO] [stdout] 
[INFO] [stdout] 
[INFO] [stdout] For more information about this error, try `rustc --explain E0433`.
[INFO] [stdout] 
[INFO] [stderr] error: could not compile `ics-escrow` (lib test) due to 4 previous errors
[INFO] [stderr] warning: build failed, waiting for other jobs to finish...
[INFO] running `Command { std: "docker" "inspect" "e49ac24a30f24ed298685244e60a7cd0d4a4cfd7e6de774d669b7d1ccf19d225", kill_on_drop: false }`
[INFO] running `Command { std: "docker" "rm" "-f" "e49ac24a30f24ed298685244e60a7cd0d4a4cfd7e6de774d669b7d1ccf19d225", kill_on_drop: false }`
[INFO] [stdout] e49ac24a30f24ed298685244e60a7cd0d4a4cfd7e6de774d669b7d1ccf19d225
